he highest common factor of a and n.
16
Let t = 19658 - 19653. What is the highest common divisor of t and 1315?
5
Let p = -443 - -1050. Let d = p - 567. Calculate the highest common factor of d and 150.
10
Let w = -4864 + 7798. Calculate the highest common factor of w and 378.
18
Let p = -2222 + 2234. Calculate the highest common factor of 2692 and p.
4
Let w(o) = 45*o. Let d be w(-1). Let h be ((-17)/85)/((-2)/5)*-94. Let u = d - h. Calculate the highest common divisor of u and 8.
2
Suppose 4*s + y = 34, -4*s + y + 38 = -0*y. Let q be -7 - (-7 - (-6 + s)). Calculate the greatest common divisor of 39 and q.
3
Let w(g) = 5*g**2 - 25*g - 1058. Let f be w(-46). What is the highest common factor of f and 58?
58
Let t be (-1)/(12/(-9) - -1). Suppose t*s - 3*o = 708, -230 = 16*s - 17*s + 4*o. What is the greatest common divisor of s and 21?
7
Let y = -25 + 275. Let c be (-9)/(-21) - (-41910)/210. What is the highest common divisor of c and y?
50
Suppose 3 = -9*x + 8*x. Let d be (-4)/x - 1872/(-54). Suppose m + d = 5*m. Calculate the highest common divisor of 81 and m.
9
Let y be ((-444)/(-8))/(54/360). Calculate the highest common factor of 814 and y.
74
Let b be 16240/72 - ((-55)/(-180) - (-6)/(-8)). Calculate the greatest common divisor of 4633 and b.
113
Let p(q) = q**2 - 14*q + 54. Let t be p(7). Calculate the highest common factor of 1195 and t.
5
Let f = 21548 - 21372. Calculate the highest common divisor of f and 24904.
88
Let y be ((6/4)/3)/(763/946120). What is the highest common divisor of 20 and y?
20
Let q = 10004 + -9290. What is the greatest common factor of 1020 and q?
102
Let s be (-30)/(-27) - (-1274)/441. Calculate the greatest common divisor of 5 and s.
1
Suppose s = -2*h - 493, 3*h + 424 = 4*s + 2418. Let x = s - -516. Calculate the highest common divisor of x and 2.
1
Suppose -2*p + 109 = o, 4*o = 6*o - 2. Let a = 74 - p. Calculate the highest common factor of a and 220.
20
Let t be -2 - (-4 - -2) - (-12)/1. Let d be (-2 - -6) + -4 - (-19 + -1). Suppose 0 = 21*f - d*f - 84. What is the highest common divisor of f and t?
12
Let f(v) = v**3 + 31*v**2 - v + 18. Let h = -165 - -134. Let b be f(h). Calculate the highest common factor of b and 441.
49
Let y be (4576/56)/(34/(-7) + 5). What is the highest common divisor of 352 and y?
44
Let n be (0 - 1/1)/(95/(-950)). Suppose 10*o - 120 = -n. What is the greatest common factor of o and 209?
11
Let m(r) = 48*r + 2700. Let q be m(-56). Calculate the highest common factor of 544 and q.
4
Suppose 3*i + 8*q = 3*q + 29, 0 = 4*i - 4*q - 60. Suppose 4*w - 4*s = 140, 5*s + s = w - 15. Calculate the greatest common factor of i and w.
13
Let c = -20143 - -20168. What is the greatest common divisor of 10950 and c?
25
Suppose 12119 = 13*h + 3474. What is the greatest common factor of 1064 and h?
133
Let j(q) = 39*q + 844. Let l be j(-21). Suppose m = 3*b - 823, 2*b - 833 = -b - 4*m. Calculate the highest common divisor of b and l.
25
Let o = -17 + 29. Suppose 7*t - 8*t + 77 = 5*z, 3*t = 2*z - 24. Calculate the highest common divisor of z and o.
3
Suppose -5*g = 4*x - 2022, g + 2*x = 3*x + 408. Suppose 19*w - 5*w = g. What is the highest common divisor of 116 and w?
29
Let u(x) = -x**2 + 66*x + 1449. Let p be u(-17). What is the greatest common factor of 5206 and p?
38
Let l(m) = 54*m**2 - 316*m + 42. Let w be l(7). What is the greatest common divisor of w and 1921?
17
Let c(n) = n**3 + 19*n**2 - 44*n + 52. Let o be c(-21). Calculate the highest common divisor of o and 34.
2
Suppose 15844 = 37*y - 20*y. Suppose -17*x + 22*x + 4*q - y = 0, 6 = -3*q. What is the highest common factor of x and 47?
47
Let t(c) = 2*c**2 - 29*c + 17. Let m be t(-17). Calculate the greatest common factor of 136 and m.
136
Let c be (-9)/(-6)*4*(-68206)/(-12). What is the greatest common factor of 67 and c?
67
Let x = 1199 + -821. Calculate the highest common factor of x and 324.
54
Let l = -86 + 87. Let p be (l + (-25)/4)/(111/(-2368)). What is the highest common factor of p and 4?
4
Suppose -i + 6*i = 110. Let u be (-4)/3*(-315)/(-14). Let x be 2 + u/9 + (-420)/(-18). What is the greatest common factor of i and x?
22
Suppose -p = -l - 160, -3*p + 17 + 427 = 3*l. What is the highest common factor of 58 and p?
2
Suppose 4*d - 1 = -2*x + 3, x - 2*d = 22. Suppose -2*o - 8 = 0, 0 = i - 3*i - 4*o + 8. What is the greatest common divisor of x and i?
12
Suppose -27*z + 22*z + 95 = 0. Let r(q) = -37*q**2 + q + z*q**2 + 21*q**2 - 5 - 5. Let u be r(-3). What is the greatest common factor of 28 and u?
14
Suppose -2*r + 3*d - 4 = 0, -16 = 31*r - 30*r - 5*d. Suppose k + 0 = 3, 0 = x - r*k - 7. Calculate the highest common divisor of 57 and x.
19
Let i be -1 - -3*261*4/(-12). Let l = -202 - i. What is the highest common divisor of 6 and l?
6
Suppose 0*s + 46 = 2*s. Let i = -212791 - -213550. What is the greatest common factor of s and i?
23
Suppose 47*v = 13*v + 238. Let x(p) = -p**3 + 11*p**2 - 15*p - 11. Let r be x(v). What is the greatest common factor of r and 880?
80
Suppose -5*d - 2*y = -2623, 2080 = -0*d + 4*d - 3*y. Let o = 568 - d. Suppose m = 73 - 13. Calculate the greatest common divisor of m and o.
15
Suppose 4*a - 7981 = -11*a + 2939. Calculate the greatest common divisor of a and 3094.
182
Suppose -11075 = -32*a + 23165. Calculate the greatest common divisor of a and 20.
10
Suppose -13 = a + 2*d + 39, 0 = -5*a + d - 315. Let w be 368/(-64)*(a + 2). Calculate the highest common factor of 46 and w.
23
Suppose 2*b - 3 = 1. Let g = -1435 + 1435. Suppose 2*a + 5*v + 0*v - 76 = g, -b*a - 4*v + 72 = 0. What is the highest common divisor of 14 and a?
14
Suppose 2 = -2*i + y, -2*y + 2 = -2*i + 4. Let x be (9 - 7) + i/(-1). Let w = -433 - -435. Calculate the greatest common divisor of x and w.
1
Let g be ((-2)/14*4)/((-25)/175). Suppose -2*d + 3*n + 122 + 220 = 0, -3*n - 696 = -g*d. Suppose -63 = -6*q + d. What is the highest common factor of 10 and q?
10
Suppose -489*f = -490*f + 1034. What is the greatest common divisor of 44 and f?
22
Suppose -3170 = -2*p + 2*j, p + 661*j - 1570 = 665*j. Calculate the highest common factor of 20 and p.
10
Let g = 1604 - 1129. What is the highest common divisor of g and 175?
25
Suppose -n = 6*a - 31 - 18, 0 = 3*a - 3*n - 21. Let c be (a + -7)*(131 - (-2)/1). What is the highest common factor of c and 76?
19
Let o = 15003 + -14714. What is the greatest common factor of o and 646?
17
Let z be ((-9)/15)/1*75/(-30)*140. What is the greatest common divisor of z and 1036?
14
Let q be 596/10 + (-6)/(-15). Suppose -2*b = -f - 13, 5 = -8*b + 6*b - 5*f. Suppose -699 + 249 = -b*i. Calculate the greatest common divisor of q and i.
30
Suppose 240 = 2*w + 2*w. Suppose 15*m - 171 = -21. Calculate the greatest common divisor of w and m.
10
Let v be 114/15 + (-99)/165 - (0 - 0). Calculate the greatest common divisor of v and 2429.
7
Let o(m) = -m**3 - 29*m**2 - 28*m + 82. Let w be o(-28). Suppose -422 - 321 = -2*g + 5*z, -4*g + 1479 = -3*z. Calculate the greatest common divisor of g and w.
41
Let y = 25956 - 11097. What is the greatest common factor of y and 585?
117
Suppose -3*m - 5962*o + 5960*o + 4925 = 0, 8251 = 5*m - 2*o. Calculate the greatest common factor of 1830 and m.
183
Let w(q) = -55*q - 65. Let p be w(-2). Suppose -g - 3*k + 2*k + 130 = 0, 5*k = -g + 110. What is the highest common factor of g and p?
45
Suppose -p = -0*p + 5, 2*q - 4*p = 944. Let n = 880 - q. Suppose -u = 2*g - 26, u - 50 = -766*g + 768*g. Calculate the greatest common divisor of u and n.
38
Let d(o) = o**2 + 13*o - 57. Let v be d(-17). Suppose -v*y + 312 = y. What is the greatest common divisor of 26 and y?
26
Suppose 18*y - 25*y - 1764 = 0. Let r be (-11 - -10)/(((-2)/y)/(-1)). Calculate the highest common divisor of r and 36.
18
Let c(g) = 66*g + 2316. Let f be c(11). What is the greatest common divisor of 6 and f?
6
Suppose 0 = -2*v + 6 + 2. Suppose d - 142 = -v*m - m, -3*d - 134 = -5*m. What is the greatest common divisor of m and 49?
7
Suppose 184*w + 400 = 234*w. Calculate the highest common factor of 5416 and w.
8
Let s = 17 - 9. Let h(x) = 5*x + 2. Let w be h(s). Let p = -5984 + 6446. What is the highest common divisor of p and w?
42
Let a = 177 + -178. Let f be (0 - a)/((-34)/(-136)). Calculate the highest common divis